5*c = -16. Let k = -233 - -365. Calculate the greatest common factor of k and w.
12
Let d be (25 - 1)*(-35)/(-3). Calculate the highest common factor of d and 20.
20
Suppose 2*g - f - 63 = 0, 2*f + 2*f = 20. Calculate the greatest common factor of g and 2.
2
Let l(v) = -28*v**2 + v + 3. Let f be l(-2). Let h = 121 + f. What is the greatest common factor of 10 and h?
10
Let x be (-34)/(-8) + (-2)/8. Suppose -6 - 6 = -i - d, -x*i + 8 = -4*d. Suppose -2*z - 105 = -i*z. What is the greatest common divisor of z and 14?
7
Let o = 1 - 0. Let u(p) = 56*p. Let l be u(o). Let y be (4/6)/((-4)/(-42)). What is the highest common factor of y and l?
7
Let d(c) = 6*c - 4. Let w be d(6). Let i = -54 + 132. Let g = i + 18. What is the greatest common divisor of w and g?
32
Let d(q) = 7*q**2 + q**3 + 5*q**2 - 20*q**2 + 5*q**2 - 7 + 3*q. Let t be d(4). Calculate the greatest common divisor of t and 7.
7
Let l be (-6)/(-24) - (-174)/8. What is the greatest common factor of 176 and l?
22
Suppose -5*r = 125 + 290. Let f = 53 - r. Calculate the highest common divisor of 17 and f.
17
Let m be ((-24)/18)/((-1)/18). Calculate the highest common factor of m and 36.
12
Let m = -766 - -1000. Calculate the highest common divisor of 54 and m.
18
Let p be -10 + (-1 - -2) + 0. Let s be (-2 + p/(-6))*-86. Suppose -s = -5*v + 12. Calculate the greatest common factor of 11 and v.
11
Let l = 51 - -15. Suppose 4*a - l = 5*k, -2*a = 3*a - k - 93. Let o be -4 + 2 + -2 + 213. What is the highest common factor of a and o?
19
Let q be 29/((-29)/(-84)) + 2. What is the highest common divisor of q and 473?
43
Suppose 0 = -29*r - 113 + 5072. What is the greatest common factor of 19 and r?
19
Suppose 778 - 180 = 23*s. What is the greatest common factor of 1053 and s?
13
Let z be (-2)/8 + 285/20. Let v = z + 41. Suppose p - v = -10. Calculate the highest common divisor of p and 30.
15
Let o(t) = 2*t**2 - 11*t - 28. Let p be o(-6). Let h = p - 101. Calculate the highest common factor of 72 and h.
9
Suppose 517 = 74*i - 27*i. Suppose 4*u = -0*u + 2*d + 398, -3*d + 195 = 2*u. Calculate the greatest common factor of u and i.
11
Suppose 3*x + 3*h = 5*x - 14, 2 = -h. What is the greatest common factor of x and 46?
2
Suppose -174 = -y - 4*c - 0*c, 338 = 2*y - 2*c. Calculate the highest common factor of y and 34.
34
Let j(w) = -w**3 + 9*w**2 - 7*w + 3. Let u be (4/(-6))/((-14)/147). Let p be j(u). Calculate the highest common factor of p and 13.
13
Let w be (-15)/(-6)*8/5. Suppose w*g - 50 = 298. Suppose -6*c + 3*c = -g. What is the highest common factor of c and 29?
29
Let w(r) = -3*r**2 + r - 6. Let m(k) = -4*k**2 + 3*k**2 + 4 - 4. Let v(c) = -4*m(c) + w(c). Let p be v(5). Calculate the highest common factor of 3 and p.
3
Let y = -16 + 29. Suppose 4*v = -17 + 61. Suppose 45 = 3*r - 2*z, -4*r = 5*z - v - 26. Calculate the greatest common divisor of y and r.
13
Suppose 36*u + 2*b - 7 = 33*u, -16 = -4*u - b. Calculate the greatest common factor of u and 135.
5
Suppose -c - 2*z + 1 = 0, -5 = -5*c + 2*z + 12. Let l be 795/3*3 - c. Suppose y = 5*y - l. Calculate the highest common divisor of 18 and y.
18
Let n be (-20)/(-6)*((-36)/(-10) - 6). Let m be 10*-20*n/10. Let r be (-4)/6 + 124/6. What is the greatest common factor of r and m?
20
Suppose 0 = -6*y + y + 35. Let p = y - -6. Let q = 131 - 79. What is the highest common divisor of q and p?
13
Let k be 1 + 0 - (-5 + -1). Let s = -60 - -63. Let g be (216/21)/s*k. What is the highest common factor of 60 and g?
12
Suppose -144 = -4*s - 0*s. Suppose 0 = 4*u - 3*j + s - 110, -66 = -3*u - 3*j. Calculate the highest common factor of 50 and u.
10
Let j(l) = -l**2 + 12*l - 3. Let c be j(8). Suppose -3*p + c = -31. Suppose y - p = -4*y. Calculate the greatest common divisor of y and 44.
4
Suppose -7*z + 1104 = 5*z. What is the highest common factor of 4 and z?
4
Let k be (-21)/(-28) + 2/8. Let p be (15 - -2)/(k/4). Calculate the greatest common factor of p and 17.
17
Let d = -66 - -70. Let t be ((-6)/d)/(3/(-36)). What is the highest common divisor of t and 45?
9
Suppose -51 + 123 = 2*h. What is the highest common divisor of h and 2?
2
Let t(c) = -25*c - 7. Let g be t(-6). Suppose 57*p + 65 = 5*o + 62*p, -o + 13 = 5*p. Calculate the highest common divisor of o and g.
13
Let g(b) = -3*b**3 - 21*b**2 + 31*b - 69. Let r be g(-12). What is the greatest common factor of r and 9?
9
Let p(a) = a**3 - 3*a**2 + 2*a - 5. Let q be p(-5). Let r = -107 - q. Let y be (-250)/(-7) - 4/(-14). Calculate the highest common factor of y and r.
36
Suppose 0*d - 2*d + 98 = 0. Suppose 7*n - d = 91. Calculate the highest common divisor of 30 and n.
10
Suppose 0 = 26*q - 21*q + 5*t - 260, -5*t = 20. Let a be 3 + 1 + -2 + 12. Calculate the highest common divisor of a and q.
14
Let s = 222 - 210. Calculate the highest common divisor of 60 and s.
12
Let k be (-2)/(-8) + 175/4. Suppose 0 = 24*d - 19*d - 20. Calculate the greatest common factor of k and d.
4
Let d = -78 - -309. What is the greatest common divisor of 105 and d?
21
Let t = -1373 - -4454. What is the greatest common divisor of 39 and t?
39
Let l(j) = -j**3 - 7*j**2 - 11*j - 2. Let p be l(-5). Suppose 0 = 3*y + 4*z - 112, 141 = 4*y - 0*y - p*z. What is the highest common divisor of 27 and y?
9
Suppose -44*x - 210 = -49*x. What is the highest common divisor of 798 and x?
42
Suppose 9 + 51 = 2*q. Let u be 4 + (-13)/((-13)/q). Suppose -14 = -n + u. Calculate the greatest common factor of n and 72.
24
Let h(n) = 27*n - 28. Let c be h(4). Calculate the greatest common divisor of c and 12.
4
Let i = -53 - -57. Suppose -i*r = -5*v + 212, 2*v = 2*r + 20 + 64. Calculate the greatest common factor of 55 and v.
11
Let n(z) = 2*z + 39. Let b be n(-18). Suppose -2*p - 2*p + 377 = b*d, -590 = -5*d + p. What is the highest common divisor of d and 17?
17
Let s(j) = -3*j + 89. Let m be s(25). What is the highest common factor of 266 and m?
14
Let c = -131 + 148. Suppose p = c*p - 800. What is the greatest common divisor of 175 and p?
25
Let z = -97 + 169. Suppose 14 = -3*y + 5*m, -3*y - 2*m - 3*m = 34. Let v be z/33 + y/44. Calculate the greatest common divisor of 2 and v.
2
Let w be (-3 - -5 - 3)*-1. Let b be (w/(-3))/(7/(-378)). Suppose 4*a = -0*z - z + 24, -2*a + 66 = 2*z. Calculate the greatest common divisor of z and b.
18
Let m be (-2690)/(-8) + (-28)/112. Let n be (4 - 1)*(1 - -15). What is the greatest common divisor of m and n?
48
Suppose -25 = 5*c + 6*v - v, 5 = -v. Suppose c = -4*d - 3*d - 546. Let r be (d/(-4))/((-7)/(-42)). Calculate the highest common divisor of r and 13.
13
Let z = 37 - 37. Let p be (z + 71 + -1)*(-2)/(-1). Calculate the greatest common divisor of 35 and p.
35
Let w be 135/(-180)*(-536)/6. Calculate the highest common factor of 268 and w.
67
Let q = 55 + -51. Let s be 2 + -3*q/(-6). What is the greatest common factor of 36 and s?
4
Let j(k) = 1 - 11*k - 11 + 0*k - 11. Let b be j(-4). What is the greatest common divisor of b and 92?
23
Let o(p) = p**3 + 3*p**2 + p + 6. Let c(u) = u**2 + 1. Let a(q) = 4*c(q) + o(q). Let z be a(-7). What is the highest common divisor of z and 27?
3
Suppose t + 557 = -12. Let i = 8 - 14. Let g be t/(-3) - i/(-9). Calculate the highest common divisor of g and 21.
21
Suppose 22*z - 5532 = -912. Calculate the highest common divisor of 270 and z.
30
Let a(h) = h**2 - 3. Let d be a(0). Let x be (d + (-1 - -3))*0. Suppose o - 31 = -x*o + 4*u, 4*u = -5*o + 35. What is the highest common divisor of 77 and o?
11
Suppose 4*q + 3*i = 101 + 751, q + i = 212. Calculate the greatest common divisor of 48 and q.
24
Suppose 4*r + 4*o = -r + 891, -o + 354 = 2*r. Calculate the greatest common divisor of r and 125.
25
Let d(s) = -s**2 - 53*s + 179. Let c be d(-44). Calculate the highest common divisor of c and 25.
25
Suppose 4*f - 842*z + 844*z = 328, f + z - 82 = 0. What is the greatest common factor of 1681 and f?
41
Let v = 8 - 4. Suppose k + 5*c + 1 = 2*c, 1 = -2*k - 5*c. Suppose k*x = -5*g + 82, 64 = 4*g - 4*x + 4. What is the highest common divisor of v and g?
4
Let f(l) = 58*l - 710. Let c be f(15). What is the highest common factor of 20 and c?
20
Let x(o) = -o**2 - 8 + 11 + 20 - 2*o + 16*o. Let g be x(14). What is the highest common factor of g and 69?
23
Let o(g) = g**2 - 4*g. Let x be o